{"id":219,"date":"2019-03-29T07:12:11","date_gmt":"2019-03-29T07:12:11","guid":{"rendered":"http:\/\/wp2019.waldorfkindergarten-kleinmachnow.de\/?page_id=219"},"modified":"2019-03-29T08:03:12","modified_gmt":"2019-03-29T08:03:12","slug":"elementor-219","status":"publish","type":"page","link":"https:\/\/waldorfkindergarten-kleinmachnow.de\/?page_id=219","title":{"rendered":"Elementargruppen"},"content":{"rendered":"\n<figure class=\"wp-block-image alignfull\"><img loading=\"lazy\" decoding=\"async\" width=\"1024\" height=\"307\" src=\"http:\/\/wp2019.waldorfkindergarten-kleinmachnow.de\/wp-content\/uploads\/2019\/03\/h12_vi5a4530_1-u44248-fr-1024x307.jpg\" alt=\"\" class=\"wp-image-221\" srcset=\"https:\/\/waldorfkindergarten-kleinmachnow.de\/wp-content\/uploads\/2019\/03\/h12_vi5a4530_1-u44248-fr-1024x307.jpg 1024w, https:\/\/waldorfkindergarten-kleinmachnow.de\/wp-content\/uploads\/2019\/03\/h12_vi5a4530_1-u44248-fr-300x90.jpg 300w, https:\/\/waldorfkindergarten-kleinmachnow.de\/wp-content\/uploads\/2019\/03\/h12_vi5a4530_1-u44248-fr-768x230.jpg 768w, https:\/\/waldorfkindergarten-kleinmachnow.de\/wp-content\/uploads\/2019\/03\/h12_vi5a4530_1-u44248-fr-1200x360.jpg 1200w, https:\/\/waldorfkindergarten-kleinmachnow.de\/wp-content\/uploads\/2019\/03\/h12_vi5a4530_1-u44248-fr-600x180.jpg 600w, https:\/\/waldorfkindergarten-kleinmachnow.de\/wp-content\/uploads\/2019\/03\/h12_vi5a4530_1-u44248-fr.jpg 1440w\" sizes=\"auto, (max-width: 1024px) 100vw, 1024px\" \/><\/figure>\n\n\n\n<h2 class=\"wp-block-heading\">Elementargruppen<\/h2>\n\n\n\n<p>Die drei Elementargruppen des Kindergartens besuchen jeweils 21 Kinder zwischen drei Jahren bis zum Schuleintritt. Sie werden von zwei Erzieherinnen oder Erziehern betreut, die in ihrer Arbeit von einem jungen Menschen in Ausbildung, im Freien Sozialen Jahr (FSJ) oder im Praktikum unterst\u00fctzt werden. Auf ein ausgewogenes M\u00e4dchen &#8211; Jungen &#8211; Verh\u00e4ltnis, sowie eine harmonische Altersmischung wird besonderen Wert gelegt.<\/p>\n\n\n\n<p>Der Kindergartenalltag ist durch einen festen Zeitrahmen gegliedert, der sich sowohl im t\u00e4glichen, als auch im w\u00f6chentlichen Zyklus wiederholt. Der t\u00e4gliche Rhythmus besteht aus einem Wechsel von Phasen des freien Spiels und gef\u00fchrten Situationen durch die Erwachsenen. Ein gesundes Wechselspiel von gef\u00fchrten und ungef\u00fchrten Situationen (z.B. Morgenkreis und Freispiel), von Anspannung und Entspannung begleitet die Kinder durch den Tag und bietet Verl\u00e4sslichkeit und Orientierung. Eine anregende Umgebung, nat\u00fcrliche Spielmaterialien und freilassende Mal- oder Bastelangebote bieten den Kindern die M\u00f6glichkeit in phantasievolle Spielwelten einzutauchen und ihrem Entwicklungsstand und Bed\u00fcrfnis entsprechend den Tag zu erleben. Durch das Prinzip von Vorbild und Nachahmung lernen die Kinder auf nat\u00fcrliche Weise h\u00e4usliche, handwerkliche und k\u00fcnstlerische T\u00e4tigkeiten, sowie ihre eigenen F\u00e4higkeiten und Interessen kennen. Die uns umgebende Natur stellt einen wesentlichen Bestandteil des Kindergartenalltags dar. So erleben die Kinder beim Spielen im Garten, am Waldtag oder beim gemeinsamen G\u00e4rtnern die jeweilige Jahreszeit intensiv mit. In Liedern, Versen, Fingerspielen und Reigen werden die Jahreszeiten aufgegriffen und f\u00fcr die Kinder erlebbar gemacht. Eingebettet in den Kreislauf der Natur werden auch die christlichen Feste mit den Kindern gemeinsam gefeiert und durchlebt.<\/p>\n\n\n\n<h3 class=\"wp-block-heading\">Tagesrhythmus Beispiel<\/h3>\n\n\n\n<p>8.00 Uhr: Freispiel, gemeinsame Fr\u00fchst\u00fcckszubereitung<br>9.15 Uhr: Gemeinsames Aufr\u00e4umen, Tisch decken<br>9.30 Uhr: Morgenkreis, Reigen<br>9.50 Uhr: Fr\u00fchst\u00fcck<br>10.15 Uhr: Freispiel im Garten<br>11.40 Uhr: Reingehen, Abschlusskreis<br>12.00 Uhr: Mittagessen<br>12.45 &#8211; 13.45 Uhr: Mittagspause<br>14.00 &#8211; 16.00 Uhr: Freispiel im Garten, Vesper<\/p>\n\n\n\n<h3 class=\"wp-block-heading\">Wochenrhythmus Beispiel<\/h3>\n\n\n\n<p>Montag: Waldtag, Fr\u00fchst\u00fcck &#8211; Picknick<br>Dienstag: Aquarellmalen, Fr\u00fchst\u00fcck &#8211; Milchreis mit Apfelmus<br>Mittwoch: Br\u00f6tchen backen, Fr\u00fchst\u00fcck &#8211; Br\u00f6tchen<br>Donnerstag: Eurythmie, Fr\u00fchst\u00fcck &#8211; Hirsebrei mit Apfelmus<br>Freitag: Kneten, Fr\u00fchst\u00fcck &#8211; M\u00fcsli<\/p>\n\n\n\n<p><\/p>\n","protected":false},"excerpt":{"rendered":"<p>Elementargruppen Die drei Elementargruppen des Kindergartens besuchen jeweils 21 Kinder zwischen drei Jahren bis zum Schuleintritt. Sie werden von zwei Erzieherinnen oder Erziehern betreut, die in ihrer Arbeit von einem jungen Menschen in Ausbildung, im Freien Sozialen Jahr (FSJ) oder im Praktikum unterst\u00fctzt werden. Auf ein ausgewogenes M\u00e4dchen &#8211; Jungen &#8211; Verh\u00e4ltnis, sowie eine harmonische [&hellip;]<\/p>\n","protected":false},"author":1,"featured_media":0,"parent":0,"menu_order":0,"comment_status":"closed","ping_status":"closed","template":"","meta":{"footnotes":""},"class_list":["post-219","page","type-page","status-publish","hentry","missing-thumbnail"],"_links":{"self":[{"href":"https:\/\/waldorfkindergarten-kleinmachnow.de\/index.php?rest_route=\/wp\/v2\/pages\/219","targetHints":{"allow":["GET"]}}],"collection":[{"href":"https:\/\/waldorfkindergarten-kleinmachnow.de\/index.php?rest_route=\/wp\/v2\/pages"}],"about":[{"href":"https:\/\/waldorfkindergarten-kleinmachnow.de\/index.php?rest_route=\/wp\/v2\/types\/page"}],"author":[{"embeddable":true,"href":"https:\/\/waldorfkindergarten-kleinmachnow.de\/index.php?rest_route=\/wp\/v2\/users\/1"}],"replies":[{"embeddable":true,"href":"https:\/\/waldorfkindergarten-kleinmachnow.de\/index.php?rest_route=%2Fwp%2Fv2%2Fcomments&post=219"}],"version-history":[{"count":16,"href":"https:\/\/waldorfkindergarten-kleinmachnow.de\/index.php?rest_route=\/wp\/v2\/pages\/219\/revisions"}],"predecessor-version":[{"id":248,"href":"https:\/\/waldorfkindergarten-kleinmachnow.de\/index.php?rest_route=\/wp\/v2\/pages\/219\/revisions\/248"}],"wp:attachment":[{"href":"https:\/\/waldorfkindergarten-kleinmachnow.de\/index.php?rest_route=%2Fwp%2Fv2%2Fmedia&parent=219"}],"curies":[{"name":"wp","href":"https:\/\/api.w.org\/{rel}","templated":true}]}}

<figure class="wp-block-image alignfull"><img loading="lazy" decoding="async" width="1024" height="307" src="http://wp2019.waldorfkindergarten-kleinmachnow.de/wp-content/uploads/2019/03/h12_vi5a4530_1-u44248-fr-1024x307.jpg" alt="" class="wp-image-221" srcset="https://waldorfkindergarten-kleinmachnow.de/wp-content/uploads/2019/03/h12_vi5a4530_1-u44248-fr-1024x307.jpg 1024w, https://waldorfkindergarten-kleinmachnow.de/wp-content/uploads/2019/03/h12_vi5a4530_1-u44248-fr-300x90.jpg 300w, https://waldorfkindergarten-kleinmachnow.de/wp-content/uploads/2019/03/h12_vi5a4530_1-u44248-fr-768x230.jpg 768w, https://waldorfkindergarten-kleinmachnow.de/wp-content/uploads/2019/03/h12_vi5a4530_1-u44248-fr-1200x360.jpg 1200w, https://waldorfkindergarten-kleinmachnow.de/wp-content/uploads/2019/03/h12_vi5a4530_1-u44248-fr-600x180.jpg 600w, https://waldorfkindergarten-kleinmachnow.de/wp-content/uploads/2019/03/h12_vi5a4530_1-u44248-fr.jpg 1440w" sizes="auto, (max-width: 1024px) 100vw, 1024px" /></figure>



<h2 class="wp-block-heading">Elementargruppen</h2>



<p>Die drei Elementargruppen des Kindergartens besuchen jeweils 21 Kinder zwischen drei Jahren bis zum Schuleintritt. Sie werden von zwei Erzieherinnen oder Erziehern betreut, die in ihrer Arbeit von einem jungen Menschen in Ausbildung, im Freien Sozialen Jahr (FSJ) oder im Praktikum unterstützt werden. Auf ein ausgewogenes Mädchen &#8211; Jungen &#8211; Verhältnis, sowie eine harmonische Altersmischung wird besonderen Wert gelegt.</p>



<p>Der Kindergartenalltag ist durch einen festen Zeitrahmen gegliedert, der sich sowohl im täglichen, als auch im wöchentlichen Zyklus wiederholt. Der tägliche Rhythmus besteht aus einem Wechsel von Phasen des freien Spiels und geführten Situationen durch die Erwachsenen. Ein gesundes Wechselspiel von geführten und ungeführten Situationen (z.B. Morgenkreis und Freispiel), von Anspannung und Entspannung begleitet die Kinder durch den Tag und bietet Verlässlichkeit und Orientierung. Eine anregende Umgebung, natürliche Spielmaterialien und freilassende Mal- oder Bastelangebote bieten den Kindern die Möglichkeit in phantasievolle Spielwelten einzutauchen und ihrem Entwicklungsstand und Bedürfnis entsprechend den Tag zu erleben. Durch das Prinzip von Vorbild und Nachahmung lernen die Kinder auf natürliche Weise häusliche, handwerkliche und künstlerische Tätigkeiten, sowie ihre eigenen Fähigkeiten und Interessen kennen. Die uns umgebende Natur stellt einen wesentlichen Bestandteil des Kindergartenalltags dar. So erleben die Kinder beim Spielen im Garten, am Waldtag oder beim gemeinsamen Gärtnern die jeweilige Jahreszeit intensiv mit. In Liedern, Versen, Fingerspielen und Reigen werden die Jahreszeiten aufgegriffen und für die Kinder erlebbar gemacht. Eingebettet in den Kreislauf der Natur werden auch die christlichen Feste mit den Kindern gemeinsam gefeiert und durchlebt.</p>



<h3 class="wp-block-heading">Tagesrhythmus Beispiel</h3>



<p>8.00 Uhr: Freispiel, gemeinsame Frühstückszubereitung<br>9.15 Uhr: Gemeinsames Aufräumen, Tisch decken<br>9.30 Uhr: Morgenkreis, Reigen<br>9.50 Uhr: Frühstück<br>10.15 Uhr: Freispiel im Garten<br>11.40 Uhr: Reingehen, Abschlusskreis<br>12.00 Uhr: Mittagessen<br>12.45 &#8211; 13.45 Uhr: Mittagspause<br>14.00 &#8211; 16.00 Uhr: Freispiel im Garten, Vesper</p>



<h3 class="wp-block-heading">Wochenrhythmus Beispiel</h3>



<p>Montag: Waldtag, Frühstück &#8211; Picknick<br>Dienstag: Aquarellmalen, Frühstück &#8211; Milchreis mit Apfelmus<br>Mittwoch: Brötchen backen, Frühstück &#8211; Brötchen<br>Donnerstag: Eurythmie, Frühstück &#8211; Hirsebrei mit Apfelmus<br>Freitag: Kneten, Frühstück &#8211; Müsli</p>



<p></p>

<p>Elementargruppen Die drei Elementargruppen des Kindergartens besuchen jeweils 21 Kinder zwischen drei Jahren bis zum Schuleintritt. Sie werden von zwei Erzieherinnen oder Erziehern betreut, die in ihrer Arbeit von einem jungen Menschen in Ausbildung, im Freien Sozialen Jahr (FSJ) oder im Praktikum unterstützt werden. Auf ein ausgewogenes Mädchen &#8211; Jungen &#8211; Verhältnis, sowie eine harmonische [&hellip;]</p>
