{"id":164,"date":"2019-03-02T17:02:14","date_gmt":"2019-03-02T17:02:14","guid":{"rendered":"http:\/\/wp2019.waldorfkindergarten-kleinmachnow.de\/?page_id=164"},"modified":"2023-01-12T07:48:36","modified_gmt":"2023-01-12T07:48:36","slug":"feste-in-unserem-waldorfkindergarten","status":"publish","type":"page","link":"https:\/\/waldorfkindergarten-kleinmachnow.de\/?page_id=164","title":{"rendered":"Feste in unserem Waldorfkindergarten"},"content":{"rendered":"\n<figure class=\"wp-block-image alignfull\"><img loading=\"lazy\" decoding=\"async\" width=\"1024\" height=\"307\" src=\"http:\/\/wp2019.waldorfkindergarten-kleinmachnow.de\/wp-content\/uploads\/2019\/03\/h28_vi5a4511_1-1024x307.jpg\" alt=\"\" class=\"wp-image-178\" srcset=\"https:\/\/waldorfkindergarten-kleinmachnow.de\/wp-content\/uploads\/2019\/03\/h28_vi5a4511_1-1024x307.jpg 1024w, https:\/\/waldorfkindergarten-kleinmachnow.de\/wp-content\/uploads\/2019\/03\/h28_vi5a4511_1-300x90.jpg 300w, https:\/\/waldorfkindergarten-kleinmachnow.de\/wp-content\/uploads\/2019\/03\/h28_vi5a4511_1-768x230.jpg 768w, https:\/\/waldorfkindergarten-kleinmachnow.de\/wp-content\/uploads\/2019\/03\/h28_vi5a4511_1-1200x360.jpg 1200w, https:\/\/waldorfkindergarten-kleinmachnow.de\/wp-content\/uploads\/2019\/03\/h28_vi5a4511_1-600x180.jpg 600w, https:\/\/waldorfkindergarten-kleinmachnow.de\/wp-content\/uploads\/2019\/03\/h28_vi5a4511_1.jpg 1440w\" sizes=\"auto, (max-width: 1024px) 100vw, 1024px\" \/><\/figure>\n\n\n\n<h1 class=\"wp-block-heading\">Feste in unserem Waldorfkindergarten<\/h1>\n\n\n\n<h3 class=\"wp-block-heading\">\u201eWir d\u00fcrfen nicht untersch\u00e4tzen,<br>welche Bedeutung f\u00fcr die Menschheit<br>so etwas hat wie\u00a0 die Hinlenkung<br>aller Aufmerksamkeit<br>auf eine Festzeit des Jahres.\u201c<\/h3>\n\n\n\n<p style=\"font-size:12px\"><em>Rudolf Steiner: Der Jahreskreis als Atmungsvorgang der Erde und die vier gro\u00dfen Festeszeiten, GA223<\/em><\/p>\n\n\n\n<p>Fest lebt von einer Vorbereitungszeit, dem eigentlichen Fest als H\u00f6hepunkt und einer Zeit,&nbsp; in der das Fest ausklingt.&nbsp;<br>Wir erleben das Jahr als einen immer wiederkehrenden Rhythmus von Festen, die ihren direkten Ausdruck auch in der erlebbaren Natur haben.<\/p>\n\n\n\n<p>Die Grundstimmung der kindlichen Seele ist die v\u00f6llige Hingabe an die Welt. Mit ihren Sinnen ganz im Au\u00dfen wollen die Kinder die Welt entdecken, verstehen und gestalten. Diese Hingabef\u00e4higkeit steht ganz im Mittelpunkt einer verantwortungsvollen Gestaltung und Belebung der christlichen Jahresfeste in unserem Waldorfkindergarten.<\/p>\n\n\n\n<p>Entsprechend der inhaltlichen Auseinandersetzung&nbsp; mit dem jeweiligen Fest werden alte Sitten und Gebr\u00e4uche von den P\u00e4dagogen individuell neu belebt bzw. neu gestaltet.<\/p>\n\n\n\n<p>Zu jeder Festeszeit tauchen die Kinder durch Lieder, Verse, M\u00e4rchen und Geschichten, durch das Erleben der Natur im Spiel und durch gemeinsames Vorbereiten wie Backen und Dekorieren tief in die Stimmung des Festes ein.<br>Die Feste selbst werden als verl\u00e4sslicher&nbsp; H\u00f6hepunkte erlebt. Sie werden zur inneren Erf\u00fcllung, da Kinder und P\u00e4dagogen gemeinsam zum Gelingen des Festes beigetragen haben.<\/p>\n\n\n\n<p>Im Laufe der mehrj\u00e4hrigen Kindergartenzeit erlebt jedes Kind auf diese Weise einen Jahresrhythmus, der ihm Halt, Sicherheit und Orientierung gibt und der sogleich seine Verbundenheit mit der Welt vertieft.<br>Das Erleben der christlichen Feste im Waldorfkindergarten schenkt verl\u00e4ssliche, sinnvolle Wahrbilder, die den Kindern helfen k\u00f6nnen, verschiedenen Kompetenzen zu entfalten und Werte zu entwickeln.<\/p>\n\n\n\n<h4 class=\"wp-block-heading\">Unsere&nbsp; Feste im Jahreslauf:<\/h4>\n\n\n\n<p>Michaeli<br>Erntedank<br>Laternenfest \/ Sankt Martin<br>Adventg\u00e4rtlein<br>Nikolaus<br>Weihnachtsspiel<br>Dreik\u00f6nigsfest<br>Fasching<br>Ostern<br>Himmelfahrt<br>Pfingsten<br>Johanni<\/p>\n\n\n\n<p><br><\/p>\n","protected":false},"excerpt":{"rendered":"<p>Feste in unserem Waldorfkindergarten \u201eWir d\u00fcrfen nicht untersch\u00e4tzen,welche Bedeutung f\u00fcr die Menschheitso etwas hat wie\u00a0 die Hinlenkungaller Aufmerksamkeitauf eine Festzeit des Jahres.\u201c Rudolf Steiner: Der Jahreskreis als Atmungsvorgang der Erde und die vier gro\u00dfen Festeszeiten, GA223 Fest lebt von einer Vorbereitungszeit, dem eigentlichen Fest als H\u00f6hepunkt und einer Zeit,&nbsp; in der das Fest ausklingt.&nbsp;Wir erleben [&hellip;]<\/p>\n","protected":false},"author":1,"featured_media":0,"parent":0,"menu_order":0,"comment_status":"closed","ping_status":"closed","template":"","meta":{"footnotes":""},"class_list":["post-164","page","type-page","status-publish","hentry","missing-thumbnail"],"_links":{"self":[{"href":"https:\/\/waldorfkindergarten-kleinmachnow.de\/index.php?rest_route=\/wp\/v2\/pages\/164","targetHints":{"allow":["GET"]}}],"collection":[{"href":"https:\/\/waldorfkindergarten-kleinmachnow.de\/index.php?rest_route=\/wp\/v2\/pages"}],"about":[{"href":"https:\/\/waldorfkindergarten-kleinmachnow.de\/index.php?rest_route=\/wp\/v2\/types\/page"}],"author":[{"embeddable":true,"href":"https:\/\/waldorfkindergarten-kleinmachnow.de\/index.php?rest_route=\/wp\/v2\/users\/1"}],"replies":[{"embeddable":true,"href":"https:\/\/waldorfkindergarten-kleinmachnow.de\/index.php?rest_route=%2Fwp%2Fv2%2Fcomments&post=164"}],"version-history":[{"count":4,"href":"https:\/\/waldorfkindergarten-kleinmachnow.de\/index.php?rest_route=\/wp\/v2\/pages\/164\/revisions"}],"predecessor-version":[{"id":431,"href":"https:\/\/waldorfkindergarten-kleinmachnow.de\/index.php?rest_route=\/wp\/v2\/pages\/164\/revisions\/431"}],"wp:attachment":[{"href":"https:\/\/waldorfkindergarten-kleinmachnow.de\/index.php?rest_route=%2Fwp%2Fv2%2Fmedia&parent=164"}],"curies":[{"name":"wp","href":"https:\/\/api.w.org\/{rel}","templated":true}]}}