{"id":155,"date":"2019-03-02T16:57:55","date_gmt":"2019-03-02T16:57:55","guid":{"rendered":"http:\/\/wp2019.waldorfkindergarten-kleinmachnow.de\/?page_id=155"},"modified":"2019-03-02T17:07:19","modified_gmt":"2019-03-02T17:07:19","slug":"vorbild-und-nachahmung","status":"publish","type":"page","link":"https:\/\/waldorfkindergarten-kleinmachnow.de\/?page_id=155","title":{"rendered":"Vorbild und Nachahmung"},"content":{"rendered":"\n<figure class=\"wp-block-image alignfull\"><img loading=\"lazy\" decoding=\"async\" width=\"1024\" height=\"307\" src=\"http:\/\/wp2019.waldorfkindergarten-kleinmachnow.de\/wp-content\/uploads\/2019\/03\/h18_vi5a4592_1-u43602-fr-1024x307.jpg\" alt=\"\" class=\"wp-image-171\" srcset=\"https:\/\/waldorfkindergarten-kleinmachnow.de\/wp-content\/uploads\/2019\/03\/h18_vi5a4592_1-u43602-fr-1024x307.jpg 1024w, https:\/\/waldorfkindergarten-kleinmachnow.de\/wp-content\/uploads\/2019\/03\/h18_vi5a4592_1-u43602-fr-300x90.jpg 300w, https:\/\/waldorfkindergarten-kleinmachnow.de\/wp-content\/uploads\/2019\/03\/h18_vi5a4592_1-u43602-fr-768x230.jpg 768w, https:\/\/waldorfkindergarten-kleinmachnow.de\/wp-content\/uploads\/2019\/03\/h18_vi5a4592_1-u43602-fr-1200x360.jpg 1200w, https:\/\/waldorfkindergarten-kleinmachnow.de\/wp-content\/uploads\/2019\/03\/h18_vi5a4592_1-u43602-fr-600x180.jpg 600w, https:\/\/waldorfkindergarten-kleinmachnow.de\/wp-content\/uploads\/2019\/03\/h18_vi5a4592_1-u43602-fr.jpg 1440w\" sizes=\"auto, (max-width: 1024px) 100vw, 1024px\" \/><\/figure>\n\n\n\n<h1 class=\"wp-block-heading\">Vorbild und Nachahmung<\/h1>\n\n\n\n<p>Rudolf Steiner bezeichnet die Worte Nachahmung und Vorbild als Zauberworte, welche angeben, wie das kleine Kind in ein Verh\u00e4ltnis zu seiner Umgebung tritt.<\/p>\n\n\n\n<p>Es ahmt nach, was seine Bezugspersonen, seine Familie und die ErzieherInnen im Kindergarten tun, wie diese denken, sprechen, handeln, von welchen Haltungen sie gepr\u00e4gt sind. Die Erwachsenen in der Umgebung des Kindes sind sein Vorbild. Durch sie ergreift das kleine Kind die Welt.<\/p>\n\n\n\n<p>ErzieherInnen tragen eine gro\u00dfe Verantwortung. Selbsterziehung und Wahrhaftigkeit werden zu wichtigen Voraussetzungen f\u00fcr die Erziehung des Kindes.&nbsp; So wie das Kind \u00e4u\u00dfere T\u00e4tigkeiten in einer vorbildhaften Umgebung nachahmt, so ahmt es vor allem auch die innere Haltung des Erwachsenen nach.<\/p>\n\n\n\n<p>Unsere Haltung pr\u00e4gt das kleine Kind.<\/p>\n\n\n\n<h3 class=\"wp-block-heading\">Das Menschsein lernt der Mensch nur am Menschen<\/h3>\n\n\n\n<p style=\"font-size:12px\"><em>Novalis<\/em><\/p>\n","protected":false},"excerpt":{"rendered":"<p>Vorbild und Nachahmung Rudolf Steiner bezeichnet die Worte Nachahmung und Vorbild als Zauberworte, welche angeben, wie das kleine Kind in ein Verh\u00e4ltnis zu seiner Umgebung tritt. Es ahmt nach, was seine Bezugspersonen, seine Familie und die ErzieherInnen im Kindergarten tun, wie diese denken, sprechen, handeln, von welchen Haltungen sie gepr\u00e4gt sind. Die Erwachsenen in der [&hellip;]<\/p>\n","protected":false},"author":1,"featured_media":0,"parent":0,"menu_order":0,"comment_status":"closed","ping_status":"closed","template":"","meta":{"footnotes":""},"class_list":["post-155","page","type-page","status-publish","hentry","missing-thumbnail"],"_links":{"self":[{"href":"https:\/\/waldorfkindergarten-kleinmachnow.de\/index.php?rest_route=\/wp\/v2\/pages\/155","targetHints":{"allow":["GET"]}}],"collection":[{"href":"https:\/\/waldorfkindergarten-kleinmachnow.de\/index.php?rest_route=\/wp\/v2\/pages"}],"about":[{"href":"https:\/\/waldorfkindergarten-kleinmachnow.de\/index.php?rest_route=\/wp\/v2\/types\/page"}],"author":[{"embeddable":true,"href":"https:\/\/waldorfkindergarten-kleinmachnow.de\/index.php?rest_route=\/wp\/v2\/users\/1"}],"replies":[{"embeddable":true,"href":"https:\/\/waldorfkindergarten-kleinmachnow.de\/index.php?rest_route=%2Fwp%2Fv2%2Fcomments&post=155"}],"version-history":[{"count":3,"href":"https:\/\/waldorfkindergarten-kleinmachnow.de\/index.php?rest_route=\/wp\/v2\/pages\/155\/revisions"}],"predecessor-version":[{"id":172,"href":"https:\/\/waldorfkindergarten-kleinmachnow.de\/index.php?rest_route=\/wp\/v2\/pages\/155\/revisions\/172"}],"wp:attachment":[{"href":"https:\/\/waldorfkindergarten-kleinmachnow.de\/index.php?rest_route=%2Fwp%2Fv2%2Fmedia&parent=155"}],"curies":[{"name":"wp","href":"https:\/\/api.w.org\/{rel}","templated":true}]}}