{"id":12,"date":"2019-01-29T20:08:40","date_gmt":"2019-01-29T20:08:40","guid":{"rendered":"http:\/\/wp2019.waldorfkindergarten-kleinmachnow.de\/?page_id=12"},"modified":"2019-01-31T11:24:54","modified_gmt":"2019-01-31T11:24:54","slug":"test2","status":"publish","type":"page","link":"https:\/\/waldorfkindergarten-kleinmachnow.de\/?page_id=12","title":{"rendered":"Geschichte des Kindergartens"},"content":{"rendered":"\n<figure class=\"wp-block-image alignfull\"><img loading=\"lazy\" decoding=\"async\" width=\"1024\" height=\"307\" src=\"http:\/\/wp2019.waldorfkindergarten-kleinmachnow.de\/wp-content\/uploads\/2019\/01\/h15_vi5a4552_1-u43532-fr-1024x307.jpg\" alt=\"\" class=\"wp-image-122\" srcset=\"https:\/\/waldorfkindergarten-kleinmachnow.de\/wp-content\/uploads\/2019\/01\/h15_vi5a4552_1-u43532-fr-1024x307.jpg 1024w, https:\/\/waldorfkindergarten-kleinmachnow.de\/wp-content\/uploads\/2019\/01\/h15_vi5a4552_1-u43532-fr-300x90.jpg 300w, https:\/\/waldorfkindergarten-kleinmachnow.de\/wp-content\/uploads\/2019\/01\/h15_vi5a4552_1-u43532-fr-768x230.jpg 768w, https:\/\/waldorfkindergarten-kleinmachnow.de\/wp-content\/uploads\/2019\/01\/h15_vi5a4552_1-u43532-fr-1200x360.jpg 1200w, https:\/\/waldorfkindergarten-kleinmachnow.de\/wp-content\/uploads\/2019\/01\/h15_vi5a4552_1-u43532-fr-600x180.jpg 600w, https:\/\/waldorfkindergarten-kleinmachnow.de\/wp-content\/uploads\/2019\/01\/h15_vi5a4552_1-u43532-fr.jpg 1440w\" sizes=\"auto, (max-width: 1024px) 100vw, 1024px\" \/><\/figure>\n\n\n\n<h2 class=\"wp-block-heading\">Geschichte des Kindergartens<\/h2>\n\n\n\n<p>Nach der Gr\u00fcndung der Freien Waldorfschule Kleinmachnow formte sich der Wunsch, neben dem Hort, noch einen Kindergarten entstehen zu lassen.<\/p>\n\n\n\n<p>Interessierte Eltern und eine Erzieherin gr\u00fcndeten eine Initiative, aus der im August 1992 eine Kindergartengruppe mit 20 Kindern entstand.<\/p>\n\n\n\n<p>Aufgrund der gro\u00dfen Nachfrage und der M\u00f6glichkeit, zus\u00e4tzlich R\u00e4ume anzumieten erfolgte eine kontinuierliche Erweiterung des Kindergartens auf eine Gr\u00f6\u00dfe von 90 Kindern. Die Renovierungsarbeiten und die Einrichtung der Gruppenr\u00e4ume wurden sowohl durch die t\u00e4tige Kindergartengemeinschaft als auch durch finanzielle Mithilfe der Eltern erbracht.<\/p>\n\n\n\n<p>Da das alte Geb\u00e4ude den Standards eines Kindergartens nicht mehr entsprach, erfolgte 2012 ein Umzug in ein, von der Gemeinde Kleinmachnow errichtetes, neues Haus, direkt oberhalb der Waldorfschule. Heute werden dort bis zu 100 Kinder in f\u00fcnf Gruppen betreut.<\/p>\n\n\n\n<p>Im Jahre 2000 entstand in der Kindergartengemeinschaft der Impuls auch im benachbarten Stahnsdorf einen Waldorfkindergarten zu gr\u00fcnden. Die st\u00e4ndig wachsenden Anmeldezahlen f\u00fchrten zum Erwerb eines bebauten Grundst\u00fcckes direkt hinter der Schleuse in Stahnsdorf.<\/p>\n\n\n\n<p>In den Jahren 2001 und 2002 wurde der denkmalgesch\u00fctzte Altbau grundsaniert und den Bed\u00fcrfnissen der Kinder entsprechend umgebaut. F\u00fcr die zweite Gruppe entstand im r\u00fcckw\u00e4rtigen Teil des Grundst\u00fcckes ein Neubau. Seit Juli 2002 werden hier bis zu 47 Kinder von zwei Jahren an bis zum Schuleintritt betreut.<\/p>\n","protected":false},"excerpt":{"rendered":"<p>Geschichte des Kindergartens Nach der Gr\u00fcndung der Freien Waldorfschule Kleinmachnow formte sich der Wunsch, neben dem Hort, noch einen Kindergarten entstehen zu lassen. Interessierte Eltern und eine Erzieherin gr\u00fcndeten eine Initiative, aus der im August 1992 eine Kindergartengruppe mit 20 Kindern entstand. Aufgrund der gro\u00dfen Nachfrage und der M\u00f6glichkeit, zus\u00e4tzlich R\u00e4ume anzumieten erfolgte eine kontinuierliche [&hellip;]<\/p>\n","protected":false},"author":1,"featured_media":0,"parent":0,"menu_order":0,"comment_status":"closed","ping_status":"closed","template":"","meta":{"footnotes":""},"class_list":["post-12","page","type-page","status-publish","hentry","missing-thumbnail"],"_links":{"self":[{"href":"https:\/\/waldorfkindergarten-kleinmachnow.de\/index.php?rest_route=\/wp\/v2\/pages\/12","targetHints":{"allow":["GET"]}}],"collection":[{"href":"https:\/\/waldorfkindergarten-kleinmachnow.de\/index.php?rest_route=\/wp\/v2\/pages"}],"about":[{"href":"https:\/\/waldorfkindergarten-kleinmachnow.de\/index.php?rest_route=\/wp\/v2\/types\/page"}],"author":[{"embeddable":true,"href":"https:\/\/waldorfkindergarten-kleinmachnow.de\/index.php?rest_route=\/wp\/v2\/users\/1"}],"replies":[{"embeddable":true,"href":"https:\/\/waldorfkindergarten-kleinmachnow.de\/index.php?rest_route=%2Fwp%2Fv2%2Fcomments&post=12"}],"version-history":[{"count":6,"href":"https:\/\/waldorfkindergarten-kleinmachnow.de\/index.php?rest_route=\/wp\/v2\/pages\/12\/revisions"}],"predecessor-version":[{"id":123,"href":"https:\/\/waldorfkindergarten-kleinmachnow.de\/index.php?rest_route=\/wp\/v2\/pages\/12\/revisions\/123"}],"wp:attachment":[{"href":"https:\/\/waldorfkindergarten-kleinmachnow.de\/index.php?rest_route=%2Fwp%2Fv2%2Fmedia&parent=12"}],"curies":[{"name":"wp","href":"https:\/\/api.w.org\/{rel}","templated":true}]}}